 -78. Let y = 29 - 1. Suppose 2*m - 4 = y. What is the greatest common factor of t and m?
8
Let z be (2 + -1)*5/(5/23). What is the greatest common factor of z and 115?
23
Suppose -3*b - 30 = -8*b. Let r(j) = -j**3 + 5*j**2 + 8*j - 2. Let w be r(b). Calculate the highest common factor of 70 and w.
10
Let c(b) = -2*b - 6. Suppose 4*y + 14 = 2*q, 7*q + 19 = -2*y + 4*q. Let a be c(y). Let t be -1 - (-29)/2*2. Calculate the greatest common divisor of a and t.
4
Let l(g) = 6*g**3 + 3. Let y be l(3). Suppose y - 629 = -4*o. Suppose -4*j - j + 112 = -2*h, o = 4*j + 5*h. Calculate the highest common divisor of j and 36.
12
Suppose 0 = -3*f + 2*g + 8 + 35, 2*f - g = 27. Let w(m) = 3*m**2 - 2*m. Let p be w(-3). Calculate the highest common factor of p and f.
11
Let g be (2/4)/((-2)/(-16)). Let k be g/7*21/6. Suppose -d - n + 32 = k*d, -3*d + n = -40. What is the highest common factor of d and 30?
6
Let f be (-2)/7 + 390/91. Calculate the greatest common divisor of 44 and f.
4
Let o(q) = -52*q - 6. Let r be o(-6). Suppose -r = 4*d - 5*t - 722, 2*t = -8. Calculate the highest common factor of 9 and d.
9
Let i(a) = a**2 - 2*a - 7. Let l be i(-3). What is the highest common factor of l and 8?
8
Let h(r) = -r**3 - 17*r**2 - 34*r + 10. Let b be h(-15). Calculate the greatest common factor of b and 20.
10
Let q = 0 - 2. Let j be ((-34)/q)/(5/55). Calculate the greatest common factor of 17 and j.
17
Suppose 0 = -5*p + 2*p + 21. Let h = -1 - -3. Let q be 8 - h*(-2)/(-4). What is the greatest common divisor of q and p?
7
Suppose 2*g = 33 - 3. Suppose 0*p + p = 135. Calculate the greatest common divisor of p and g.
15
Let z = 51 - 6. Suppose 3*j = 6 + 21. What is the greatest common divisor of z and j?
9
Let q(n) = -9*n - 21. Let h be q(-4). Calculate the greatest common factor of 165 and h.
15
Let h = -119 - -245. Calculate the highest common divisor of h and 14.
14
Let w(n) = n**3 + 2*n**2 - n + 4. Let p be w(0). Calculate the greatest common divisor of p and 16.
4
Let h(t) = 2*t + 26. Let p(x) = -2*x - 25. Let w(j) = -5*h(j) - 6*p(j). Let g be w(0). What is the highest common divisor of g and 80?
20
Suppose 0 = -5*n - 5*i + 10, 29 = 2*n - 3*i. Let w = n - 1. Calculate the highest common divisor of 42 and w.
6
Let f = -36 - -81. Calculate the highest common divisor of 60 and f.
15
Let c(m) be the third derivative of m**6/120 + m**5/12 + m**4/12 + m**3/2 - 5*m**2. Let w be c(-4). What is the highest common divisor of w and 22?
11
Suppose 136 = 2*d + 2*h - 0*h, h - 275 = -4*d. Let t be 1 + d + 0/7. Suppose 0 = -2*y - 3*y + t. Calculate the greatest common divisor of 21 and y.
7
Let a = -177 + 254. Let s = -43 + a. What is the greatest common factor of s and 85?
17
Suppose 5*i + 5 = -5, -3*v + 4*i + 20 = 0. Calculate the highest common factor of 1 and v.
1
Let v = 23 - -8. Calculate the highest common divisor of v and 62.
31
Let k be 0 + 64 - (-2)/2. Let s = 13 - 0. What is the highest common factor of s and k?
13
Let i = 0 - -6. Calculate the highest common divisor of 9 and i.
3
Suppose 76 - 12 = 4*u. Let c(o) = 8*o - 3. Let w be c(2). Let x be (2 + 1)*1 + w. What is the highest common divisor of u and x?
16
Let a be (25/1 - 0) + -1. Let s(v) = -v**3 + 8*v**2 + v - 6. Let j be s(8). Suppose 2*d = -j*d + 12. Calculate the highest common divisor of d and a.
3
Let m be 1/(-5) + (-26)/(-5). Calculate the highest common divisor of m and 5.
5
Suppose 3*l = 11 + 1. Suppose -5*p + 1 = -l*p. Calculate the greatest common factor of 8 and p.
1
Let u = -6 + 21. Suppose 3*m - 13 = -4*t, 0*t - u = -3*t - 4*m. Let b = 7 - t. What is the highest common divisor of b and 24?
6
Let y be ((-12)/(-10))/(1/15). Suppose -2*v = -2*i, v + 1 + 1 = 3*i. Suppose -o + v = -z - 4, -5*z - 4 = 2*o. What is the greatest common factor of o and y?
3
Let v(g) = -g + 13. Let l be v(0). What is the greatest common factor of l and 39?
13
Let z = -54 + 11. Let m = -25 - z. What is the highest common factor of m and 144?
18
Let f = 205 - 106. Let z be -36*(42/(-8) + 5). What is the highest common divisor of z and f?
9
Suppose 36 = -3*b + 5*b. Calculate the greatest common divisor of b and 12.
6
Let n be (-3)/2 + 575/10. What is the highest common divisor of n and 8?
8
Let k be 3/2*8/6. Let d be 5/(-10) - 17/(-2). Suppose 0 = -a + d - k. What is the highest common divisor of a and 42?
6
Let a be 16 - -71 - (-3)/1. Calculate the greatest common divisor of a and 18.
18
Suppose -3*a = 6, k = 5*k - 2*a - 68. Suppose 4*z - o = 255, 112 + 82 = 3*z + 2*o. Calculate the highest common divisor of k and z.
16
Let f be (49 - (-30)/6) + 2. Calculate the greatest common factor of 84 and f.
28
Let b = 22 - -16. Let m(g) = -g**2 - g + 61. Let q be m(0). Let l = q - 42. What is the greatest common divisor of l and b?
19
Suppose 17 = o - 3*q, -3*q + 3 - 10 = 4*o. Let r be o/6 - (-191)/3. What is the highest common factor of 8 and r?
8
Let h = 17 - 15. Let x = -1 + 1. Suppose x*d - d = -h. What is the highest common divisor of 1 and d?
1
Suppose 5*s - 22 - 18 = 0. Calculate the greatest common divisor of 64 and s.
8
Let m = 5 + -1. Suppose -3*o + 3*q = -18, 4*o - m*q - 29 = -o. Let x(l) = -l**2 - 13*l - 7. Let i be x(-6). Calculate the greatest common divisor of o and i.
5
Suppose 0 = 2*u - 7 + 5. What is the greatest common factor of 1 and u?
1
Suppose -1 + 23 = 2*p - 2*n, 5*p = -2*n + 34. Suppose 0*k = -4*k - 308. Let l = 149 + k. Calculate the highest common divisor of p and l.
8
Suppose d - 2*d - j + 6 = 0, -4*j = 5*d - 35. Calculate the greatest common divisor of d and 11.
11
Suppose -2*i = -0*i - 18. Suppose 0 = 2*a + s - i, s - 13 = -4*a - 2*s. Calculate the greatest common factor of a and 56.
7
Let k(u) = -u**3 - 11*u**2 - u + 12. Let h be k(-11). What is the greatest common factor of h and 207?
23
Let f = 1 - -17. Calculate the greatest common divisor of f and 126.
18
Let v be 5/20 + 239/4. Suppose -3*b - 2*b + v = 0. Let q be -3*4*(1 + -12). What is the highest common factor of q and b?
12
Let n(t) = -t**2 - 4*t + 3. Let j be n(-4). Suppose 4*q = 2*y + 4, j*q - 8*q + 2*y = -7. Calculate the greatest common divisor of q and 3.
3
Let a be (-14)/(-7) + (-348)/(-2). Calculate the greatest common divisor of a and 16.
16
Let v(b) = -2*b + 4. Let x be v(-6). What is the highest common factor of x and 16?
16
Let t be (-1)/(-3) + 56/3. Suppose i = -i + 1328. Suppose -4*s = 2*c + 323 - 997, -4*c + i = 4*s. What is the greatest common divisor of t and s?
19
Let i(x) be the second derivative of 0 + 4/3*x**3 + 7/2*x**2 + 3*x - 1/12*x**4. Let p be i(8). Calculate the greatest common divisor of p and 42.
7
Let b = 36 - 23. Let y(j) be the second derivative of -5*j**5/4 + j**2/2 + j. Let a be y(-1). What is the highest common factor of a and b?
13
Let h(d) = 8*d - 3. Let b be h(2). What is the greatest common factor of 65 and b?
13
Let d be (70/4)/((-9)/(-54)). Calculate the highest common divisor of 42 and d.
21
Let i(y) = -y**3 - 10*y**2 - 2*y - 13. Let g be i(-10). Suppose 3*u - 19 - 11 = 0. Let s = u - g. Calculate the greatest common divisor of 18 and s.
3
Let x be (-4 + 2)/(-4)*96. What is the highest common factor of 24 and x?
24
Suppose -55 = -0*c - 5*c. What is the highest common factor of c and 11?
11
Suppose 2*y - 3 = 1. Let l = y - -34. What is the highest common factor of 18 and l?
18
Suppose 0*w - 275 = -2*f + 5*w, -5*f + 5*w + 695 = 0. Calculate the highest common factor of f and 20.
20
Let d(i) = 6*i**2 + 5*i + 14. Let x be d(6). Suppose x = -v + 3*v. Calculate the greatest common divisor of v and 13.
13
Let r be (-1184)/(-14) + 48/(-84). Calculate the highest common factor of r and 21.
21
Suppose 4*n + f = 54, -3*n + 22 = -n - 2*f. Let t(c) = 214*c - 1. Let x be t(3). Suppose 0 = 4*m + 69 - x. Calculate the highest common divisor of m and n.
13
Suppose -d = 8 - 13. Suppose 0 = 2*t - 2*r, -d*t - r = 3*r - 18. Calculate the highest common factor of 2 and t.
2
Let s(u) = 2*u**3 - 4*u**2 - 2*u + 3. Let x be s(3). What is the greatest common divisor of 105 and x?
15
Let z be (-1 + -1)/2 - -2. Let v = 1 - z. Suppose v*p + 88 = p. What is the greatest common divisor of p and 11?
11
Suppose i = 2*x - 6*x - 21, 4*x + 4*i = -36. Let f be ((-252)/(-48))/((-1)/x). Calculate the greatest common divisor of 14 and f.
7
Le